= -30*b + 1 + 53*b - 24*b. Let j be o(w). Let f(p) = -p**3 + 2*p + 3. Determine f(j).
7
Let r(o) = -10*o**3 + 161*o**2 - 16*o. Let y be r(16). Let m(h) be the first derivative of y*h**2 - 1/3*h**3 - 13 + 0*h. Give m(2).
-4
Let v = 1353 - 2209. Let t = v + 849. Let y(j) = -j**2 - 6*j + 12. Calculate y(t).
5
Let p(m) = 34*m - 163. Let y be (-1677)/(-344) + 4/32. Determine p(y).
7
Let t(h) be the second derivative of -1/12*h**4 + 3*h + 1/3*h**3 + 3/2*h**2 + 3. Let u(s) = -s**2 + 5*s - 1. Let j be u(4). What is t(j)?
0
Let p be (-7 - (-129)/(-27)) + 2/(-9). Let g = 16 + p. Suppose 2*u - g*t = 3*u, 0 = 5*t. Let o(w) = -w - 5. Give o(u).
-5
Suppose -25*l + 755 = 130. Let d(s) = -33 + 4 + 11*s + l - s**2. Suppose 3*b = 5*b - 10. Calculate d(b).
26
Let s(a) be the second derivative of a**3/6 - 11*a**2/2 + 23648*a. Let p(o) = 2*o**2 - 3*o + 1. Let n be p(3). Calculate s(n).
-1
Let f be 4/(-4 - -8) - (60 - 69). Let s(k) = 2*k**3 - 19*k**2 - 16*k + 24. Calculate s(f).
-36
Let w(z) be the third derivative of z**7/2520 + 13*z**6/720 - 7*z**5/40 - 67*z**4/12 + 240*z**2 - 2. Let o(j) be the second derivative of w(j). What is o(-15)?
9
Suppose 0 = 5*z - 0*z - 35. Suppose 4*o = 0, 2*o + z + 3 = 5*d. Let q(p) = -2*p + p**d + 4*p + 1 - 4*p + 5*p**3. Determine q(1).
5
Let r be 26 - -4*(3 + -4). Let g = -14 + 17. Let b(l) = -r - 5*l**g + 22. Give b(-1).
5
Let c(m) = -m**3 - 8*m**2 - 13*m - 47. Suppose 4*r = -y - 15, -5*r = -12*y + 11*y + 3. Calculate c(y).
-5
Let p(j) = 12*j + 7. Let o(l) = l + 2. Let k(i) = -i**2 - 9*i + 37. Let c be k(-12). Let z(q) = c*p(q) - 4*o(q). Calculate z(-1).
-9
Suppose 111*b - c = 109*b + 26, -5*b + 2*c = -67. Let a(j) = j**3 - 16*j**2 + 13*j - 8. What is a(b)?
-38
Let m(f) = 10 + 8*f**2 + 16 + 3*f + 19 + 13 - 59. Calculate m(1).
10
Let k(c) = -c + 3. Suppose -205 = -5*g + 5*w, 7*g - 158 = 3*g + 2*w. Let m be 5/10*g - -1. Suppose 0 = m*z - 21*z + 5. What is k(z)?
-2
Let u(o) = 6*o + 18 - 112 + 5*o. Let d be u(8). Let r(w) = -w**3 - 5*w**2 + 8*w + 8. Determine r(d).
-4
Let h(a) = -31*a - 5. Suppose 3*o - 19 = -25. What is h(o)?
57
Let k(y) = -y - 3. Let q be 1/((-4)/(-516) + 0). Let g = 51 - q. Let h = g - -69. Determine k(h).
6
Let r(f) = -f**2 - 5*f + 24. Let t be ((-737)/804)/((-1)/(-9)) + (-1)/(-4). Determine r(t).
0
Suppose 35*y - 84 = -14. Let i(b) = 2*b**2 + 2*b - 1. Let t be i(y). Let v(g) = -g**3 + 11*g**2 + g - 4. Calculate v(t).
7
Suppose p = 2*p - 6. Suppose r - 33 = -h + 48, 5*h - 235 = -3*r. Let g(k) = 5*k - 98 + r - 4*k. Determine g(p).
-7
Let o(b) be the second derivative of b**5/20 + 7*b**4/12 + 2*b**3/3 + 4*b**2 - 2*b + 1. What is o(-7)?
-20
Let j(i) = -5*i**2 + 30*i**3 - 11*i**3 + 20 - 5*i**3 - 15 + 5*i - 13*i**3. Give j(6).
71
Let g(x) = -38 + x - 19 - x**3 - 13*x**2 + 34*x + 67. Determine g(-15).
-65
Let u(a) = 3248 + 2*a**2 + 3223 - 9648 - 47*a + 3240. Calculate u(22).
-3
Let r(s) be the second derivative of -2*s + 1/2*s**3 - 9 + 7/2*s**2. Determine r(-2).
1
Let i(h) be the third derivative of -11*h**5/60 + h**4/8 - h**3/2 - 4*h**2 + 17*h - 3. Determine i(2).
-41
Let b(t) be the first derivative of -4*t**2 - 26*t - 2952. Determine b(-15).
94
Let w(h) = -h**2 + h + 3. Let r be w(0). Let x(v) be the second derivative of -v**4/3 + 2*v**3/3 - v**2 + 69*v + 80. Calculate x(r).
-26
Let k(l) = -3*l**2 + 5*l**2 - 6 - 16*l - 2*l - 4*l**2 - 9*l. What is k(-15)?
-51
Let a(b) be the second derivative of -7*b**4/12 + b**3/3 + 11*b - 2. Suppose 81*o = -44*o - 250. Determine a(o).
-32
Suppose -194*n + 12 - 1429 = 523. Let d(h) = 25*h + 248. Determine d(n).
-2
Let l(u) = -19*u - 1318*u**3 + 2634*u**3 - 1315*u**3 + 14 + 8*u**2. What is l(-10)?
4
Suppose 5*t + 0*t - 46 = l, 4*l = -5*t + 16. Let p(w) = 16*w + 66. Calculate p(l).
-30
Suppose 10*r - 7*r = 3. Let j(b) = 62*b**2 + 27*b + 22. Let y(v) = -12*v**2 - 5*v - 4. Let z(u) = -2*j(u) - 11*y(u). Calculate z(r).
9
Let h(t) = -t**2 + 10*t - 3. Let o = -499 - -315. Let l = o + 192. Calculate h(l).
13
Suppose -3*f = 5*r - 66, r + 43 = 2*f + 4*r. Suppose -6 = 14*l - f*l. Suppose l*v + 7 = 3. Let j(b) = -2*b + 2. Give j(v).
6
Let j(z) = 59*z - 118. Let v be j(2). Let q(u) be the third derivative of -5/24*u**4 + 0 + 18*u**2 - 1/60*u**5 + v*u + 7/6*u**3. Give q(-6).
1
Let w(d) = d + 2*d**2 - 3 - d + d - 6*d**3 - 7*d**3 + d. Give w(1).
-12
Let i(f) be the third derivative of f**7/1680 + 13*f**6/720 - f**5/4 + 46*f**2. Let h(s) be the third derivative of i(s). Give h(-3).
4
Let q(d) = 600 - 10*d + 608 - 2432 + 604 + 593. Calculate q(-6).
33
Let n(u) = -u**3 + u - 2. Let j(y) = 5*y**3 - 16*y**2 - 19*y - 23. Let x(t) = j(t) + 4*n(t). Calculate x(17).
3
Let b(n) = n**3 + n**2 - 4*n. Let l be (1/1)/(79/(-237)). Let i(p) = p**3 - p**2 - 5*p - 1. Let z(q) = l*b(q) + 2*i(q). Let y = -17 + 12. Give z(y).
-12
Let m(k) be the second derivative of -5*k**3/6 + 3*k**2/2 + 4*k. Let j = 10303 + -10300. Calculate m(j).
-12
Let m(o) = o**2 + 5*o - 5. Let k(r) = 3*r**2 + 13*r + 2. Let d be k(-9). Let i be d/18 + (-9)/81. Suppose -4*g - 17 = i. Give m(g).
1
Let r(b) be the first derivative of -b**4/4 + 13*b**3/3 - 21*b**2/2 - 11*b + 1963. Determine r(11).
0
Let n(d) = d - 1. Let x be ((-16)/(-56))/(2/(1 - -13)). Suppose w = 1 + x. Suppose 0 = 5*k - 22 - w. What is n(k)?
4
Suppose 0 = -2*g - 3*c + 5, -6*g + 7*g + 2 = 3*c. Suppose -4*w - g = -5. Let k(s) = w + 0 - 39*s + 46*s + s**2. What is k(-7)?
1
Suppose 0 = -7*y + 9*y + 12. Let b be ((-4)/(-6))/(((-4)/y)/2). Suppose -b*q - 5*p = -10, 2 = q + p - 3. Let v(i) = -i - 5. Calculate v(q).
-10
Let u be (-2 - (-75)/40)*(15 + -103). Let x(j) = -j**2 + 7*j + 35. Calculate x(u).
-9
Let z(u) = -19*u - u**2 - 11 + 19*u + 23*u + 2*u + 96. Determine z(28).
1
Let p(r) = -20*r**2 + 100*r - 7. Suppose 12*w + 28 - 182 = -94. Calculate p(w).
-7
Let d(f) = 34 - 12770*f - 12776*f + 25547*f. Calculate d(-16).
18
Let c(b) be the second derivative of b**5/120 + b**4/2 - b**3/6 + 6*b**2 - 63*b. Let i(y) be the second derivative of c(y). What is i(-3)?
9
Let n be (50/30 + -2)/((-2)/228). Suppose -2*s - n = -44. Let a(t) = t + 4. Give a(s).
7
Let t(r) = -6*r**2 + 3*r - 2. Suppose -397*w = -360*w - 37. Determine t(w).
-5
Let g = 30114 - 30109. Let y(b) be the second derivative of -7*b - 5/6*b**3 + 0 + 7/2*b**2 - 1/3*b**4 + 1/20*b**g. Calculate y(5).
7
Suppose d + 3 = 3*l - 9, -5*d = -l + 18. Let y(q) = l*q + 1 + 2 - 2. Let n = -11 + 14. Determine y(n).
10
Let w(u) be the third derivative of -23*u**5/60 + u**4/6 + u**3/2 - 9562*u**2. What is w(-1)?
-24
Let j(z) = -105*z**3 - 50*z**2 - 213*z - 56. Let t(a) = -236*a**3 - 98*a**2 - 425*a - 109. Let c(y) = 9*j(y) - 4*t(y). What is c(-54)?
-14
Let h(x) = 348*x**2 + 9 - 125*x**2 - 222*x**2 - 9*x + 2*x. Let d be (-2)/1 - (-2 + -36). Let i be 8/d + (-104)/(-18). Calculate h(i).
3
Let h(i) = 2*i - 2. Let j(l) = -2*l**3 - 7*l**2 - 2*l - 1. Let r(m) = -m**3 - 12*m**2 + m + 9. Let s be r(-12). Let a be j(s). Calculate h(a).
-10
Let r(h) = 3*h**3 + 4*h**2 + 7*h + 4. Suppose -1396*u + 1407*u + 22 = 0. Calculate r(u).
-18
Let q(i) = -i + 29. Let g(o) = -30. Let n(k) = -3*g(k) - 2*q(k). Let y be 572/(-26) - (1 - 5). Let h be n(y). Let t(l) = -l**2 - 5*l. Determine t(h).
4
Let h(o) = -4*o + 6. Let q be ((-300)/(-40))/((-3)/(-2)). Suppose 0 = -30*i + 29*i + q*m + 20, m + 5 = 0. Determine h(i).
26
Let c = -4329 + 4334. Suppose 0*n = -n + 6. Let w(j) = -n*j**2 - 8 + c + j + 4. Give w(-1).
-6
Let c(r) be the third derivative of r**4/24 + 7*r**3/2 + r**2 - 758*r. Determine c(-14).
7
Let n(v) = 42*v**3 - 19*v**3 - 22*v**3 - 8 - 6 + 15. Let y(a) = -a**3 + 6*a**2 - 5*a - 7. Let q be y(5). Let h(t) = -t**2 - 7*t. Let w be h(q). Determine n(w).
1
Let a(v) be the second derivative of v**8/6720 - v**5/120 + v**4/4 - v**3/6 - 70*v. Let z(l) be the third derivative of a(l). Calculate z(0).
-1
Let q(x) = -3*x**2 - 2. Let l(p) = -4*p**2 + p - 3. Let d(w) = 2*l(w) - 3*q(w). Determine d(-5).
15
Suppose 4*t = -0*t + 8. Suppose 7 = 5*y + t. Let b(a) be the second derivative of 2*a**5/5 - a**2/2 - 319*a. Determine b(y).
7
Let d = 19 - 13. Suppose 7 + 5 = d*w. Let n(z) = -11*z + 11*z**3 - z**w - 10*z**3 + 9*z - 2*z**2 + 1. What is n(4)?
9
Let w(p) = -27*p**2 - 174 + 75 + 28*p**2 - 265 + 44*p. Give w(-51).
-7
Let g(x) = x**3 + 9*x**2 - 2*x - 6. Let q = 3871 - 3880. Calcu